test common divisor of 5 and 865.
5
Calculate the highest common divisor of 2 and 27.
1
What is the highest common divisor of 72 and 32?
8
What is the greatest common divisor of 12 and 92?
4
What is the greatest common factor of 7326 and 555?
111
What is the highest common divisor of 47 and 2209?
47
What is the greatest common divisor of 425 and 595?
85
Calculate the greatest common factor of 99 and 77.
11
What is the highest common factor of 675 and 27?
27
Calculate the highest common divisor of 32 and 2896.
16
Calculate the highest common factor of 234 and 8684.
26
What is the greatest common factor of 22 and 72?
2
Calculate the highest common divisor of 2183 and 37.
37
What is the greatest common factor of 114 and 27246?
114
What is the highest common factor of 243 and 42039?
243
What is the greatest common factor of 225 and 6450?
75
Calculate the highest common factor of 10 and 160.
10
Calculate the highest common divisor of 15 and 965.
5
What is the highest common factor of 3972 and 12?
12
What is the greatest common factor of 145 and 1160?
145
What is the highest common divisor of 21 and 1589?
7
Calculate the greatest common factor of 54 and 333.
9
What is the greatest common factor of 18909 and 99?
99
What is the greatest common divisor of 1222 and 235?
47
Calculate the greatest common factor of 466 and 24.
2
What is the greatest common factor of 8834 and 14?
14
Calculate the greatest common factor of 90 and 495.
45
What is the highest common divisor of 3 and 1851?
3
Calculate the highest common factor of 4326 and 28.
14
What is the greatest common factor of 175 and 155?
5
Calculate the highest common divisor of 26245 and 58.
29
What is the greatest common divisor of 115 and 265?
5
What is the greatest common factor of 329 and 94?
47
What is the highest common divisor of 154 and 1309?
77
What is the greatest common divisor of 480 and 540?
60
Calculate the greatest common factor of 688 and 2236.
172
Calculate the greatest common divisor of 13 and 1560.
13
Calculate the highest common divisor of 2895 and 330.
15
What is the greatest common divisor of 132 and 108?
12
What is the greatest common factor of 59 and 6077?
59
Calculate the greatest common factor of 72 and 132.
12
What is the highest common divisor of 2623 and 122?
61
What is the highest common divisor of 74 and 481?
37
What is the highest common factor of 4514 and 122?
122
What is the highest common factor of 96 and 22368?
96
What is the greatest common factor of 225 and 125?
25
Calculate the highest common factor of 170 and 1598.
34
Calculate the highest common divisor of 432 and 729.
27
What is the highest common divisor of 79 and 1027?
79
What is the highest common factor of 2780 and 100?
20
What is the greatest common factor of 1118 and 26?
26
What is the greatest common divisor of 24150 and 150?
150
Calculate the highest common divisor of 56 and 28.
28
Calculate the highest common divisor of 21 and 98.
7
Calculate the highest common divisor of 14045 and 5.
5
Calculate the highest common factor of 2444 and 94.
94
Calculate the greatest common divisor of 8523 and 9.
9
Calculate the highest common factor of 4 and 36.
4
Calculate the highest common factor of 56 and 8.
8
Calculate the highest common factor of 1408 and 506.
22
Calculate the highest common factor of 9 and 72.
9
What is the greatest common divisor of 1460 and 60?
20
What is the greatest common factor of 243 and 90?
9
Calculate the greatest common factor of 7 and 21.
7
Calculate the greatest common divisor of 213 and 12.
3
Calculate the greatest common factor of 1496 and 44.
44
Calculate the highest common factor of 7802 and 658.
94
What is the highest common divisor of 564 and 36?
12
Calculate the greatest common factor of 948 and 12.
12
What is the greatest common factor of 2745 and 90?
45
Calculate the greatest common factor of 55 and 5555.
55
What is the highest common divisor of 551 and 133?
19
What is the highest common divisor of 105 and 259?
7
What is the greatest common factor of 60 and 252?
12
Calculate the highest common factor of 4886 and 140.
14
What is the greatest common divisor of 76 and 380?
76
What is the greatest common factor of 12690 and 90?
90
Calculate the highest common divisor of 118 and 2950.
118
Calculate the greatest common factor of 136 and 79220.
68
What is the highest common divisor of 7585 and 370?
185
Calculate the highest common factor of 486 and 675.
27
What is the greatest common factor of 555 and 15?
15
Calculate the highest common divisor of 1817 and 79.
79
Calculate the highest common divisor of 92 and 23.
23
What is the greatest common divisor of 150 and 950?
50
What is the highest common factor of 780 and 585?
195
Calculate the highest common divisor of 27384 and 168.
168
What is the greatest common divisor of 8 and 512?
8
What is the greatest common divisor of 1897 and 7?
7
What is the highest common divisor of 12 and 5196?
12
Calculate the greatest common factor of 90 and 315.
45
What is the greatest common divisor of 10168 and 8?
8
What is the greatest common divisor of 11 and 1397?
11
Calculate the greatest common divisor of 13006 and 14.
14
What is the highest common factor of 110 and 2945?
5
Calculate the highest common factor of 704 and 256.
64
Calculate the greatest common factor of 927 and 9.
9
What is the highest common divisor of 264 and 1683?
33
What is the highest common divisor of 352 and 121?
11
Calculate the highest common divisor of 2020 and 200.
20
Calculate the highest common divisor of 12 and 372.
12
Calculate the highest common factor of 15 and 465.
15
What is the highest common divisor of 11 and 803?
11
Calculate the highest common divisor of 1794 and 156.
78
What is the greatest common divisor of 7 and 287?
7
What is the greatest common divisor of 35 and 5?
5
What is the highest common divisor of 256 and 16?
16
What is the highest common factor of 33 and 15?
3
What is the highest common factor of 26 and 299?
13
Calculate the greatest common divisor of 14 and 8764.
14
Calculate the greatest common factor of 14 and 518.
14
Calculate the greatest common divisor of 8424 and 8.
8
What is the highest common factor of 1050 and 370?
10
What is the highest common divisor of 10132 and 149?
149
What is the greatest common factor of 7060 and 60?
20
What is the highest common factor of 54639 and 9?
9
Calculate the highest common divisor of 470 and 5358.
94
What is the highest common divisor of 60 and 135?
15
Calculate the highest common factor of 109 and 6976.
109
Calculate the greatest common factor of 476 and 84.
28
What is the greatest common divisor of 5 and 85?
5
Calculate the highest common factor of 8 and 24296.
8
What is the greatest common divisor of 218 and 6?
2
Calculate the highest common factor of 7719 and 93.
93
Calculate the highest common divisor of 1299 and 27.
3
What is the highest common divisor of 23919 and 357?
357
What is the greatest common divisor of 22562 and 58?
58
What is the highest common divisor of 1 and 13?
1
What is the highest common divisor of 55 and 2695?
55
What is the highest common factor of 3795 and 165?
165
Calculate the greatest common factor of 280 and 1288.
56
Calculate the highest common factor of 550 and 242.
22
Calculate the highest common divisor of 60 and 75.
15
Calculate the greatest common factor of 72 and 756.
36
What is the highest common divisor of 902 and 22?
22
What is the greatest common factor of 14 and 14?
14
Calculate the greatest common divisor of 33 and 1243.
11
Calculate the highest common divisor of 24548 and 272.
68
Calculate the greatest common divisor of 7047 and 729.
243
What is the greatest common factor of 31 and 3937?
31
What is the highest common divisor of 520 and 120?
40
Calculate the highest common factor of 770 and 70.
70
Calculate the highest common divisor of 112 and 16688.
112
What is the highest common factor of 306 and 33?
3
Calculate the highest common factor of 14 and 581.
7
Calculate the greatest common factor of 10 and 1282.
2
Calculate the highest common divisor of 38 and 361.
19
Calculate the highest common divisor of 20 and 450.
10
Calculate the highest common divisor of 2407 and 747.
83
What is the highest common divisor of 450 and 200?
50
What is the highest common factor o